{"id":23,"date":"2018-11-04T03:33:38","date_gmt":"2018-11-04T03:33:38","guid":{"rendered":"http:\/\/yahiterres.com\/?page_id=23"},"modified":"2018-11-05T06:40:23","modified_gmt":"2018-11-05T06:40:23","slug":"exposiciones-colectivas","status":"publish","type":"page","link":"http:\/\/yahiterres.com\/index.php\/exposiciones-colectivas\/","title":{"rendered":"Exposiciones Colectivas"},"content":{"rendered":"<p>Mayo, 1999. \u201cLa mujer\u201d La Pianola. Guadalajara Jalisco. M\u00e9xico.<\/p>\n<p>Febrero, 2000. \u201cArte Joven\u201d Ex Convento del Carmen. Guadalajara Jalisco. M\u00e9xico.<\/p>\n<p>Julio, 2000. \u201cSal\u00f3n de Verano\u201d Foro de Arte y Cultura. Guadalajara Jalisco, M\u00e9xico. <\/p>\n<p>Julio, 2000. \u201cL\u00edneas paralelas\u201d Museo de Ciudades Hermanas. Guadalajara Jalisco, M\u00e9xico. <\/p>\n<p>Julio, 2000. \u201cT\u00e9cnicas ovales\u201d Casa de las artesan\u00edas. Lagos de Moreno Jalisco. M\u00e9xico. <\/p>\n<p>Agosto, 2000. \u201cFestival de arte Laguense\u201d Teatro Jose Rosas Moreno. Lagos de Moreno, Jalisco. M\u00e9xico.<\/p>\n<p>Diciembre, 2000. \u201cSemana de las artes\u201d Galer\u00eda Expresiones Guadalajara, Jalisco. M\u00e9xico. <\/p>\n<p>Agosto, 2001. \u201cEl misterio de la noche\u201d Casa de la cultura, Lagos de Moreno Jalisco. M\u00e9xico. <\/p>\n<p>Septiembre, 2003. \u201cExposici\u00f3n colectiva\u201d Presidencia municipal, Uni\u00f3n de San Antonio, Jalisco. M\u00e9xico.<\/p>\n<p>Octubre, 2005. \u201cSal\u00f3n de la escultura\u201d Centro de Arte Moderno de Guadalajara A.C. Guadalajara, Jalisco. M\u00e9xico.<\/p>\n<p>Marzo, 2006. \u201c1a muestra de arte contempor\u00e1neo\u201d Museo Casa Allende. San Miguel Allende, Guanajuato, M\u00e9xico. <\/p>\n<p>Octubre, 2008. \u201cExposici\u00f3n subasta M\u00e9xico -edici\u00f3n bicentenario\u201d Museo de Arte e historia de Guanajuato. Leon Guanajuato, M\u00e9xico.<\/p>\n<p>Marzo, 2011. \u201c3a feria de arte Chiapas 2011\u201d San Cristobal de las Casas, Chiapas. M\u00e9xico. <\/p>\n<p>Agosto, 2011 \u201cSubasta M\u00e9xico\u201d Museo de Arte e historia de Guanajuato. Leon Guanajuato, M\u00e9xico.<\/p>\n<p>Marzo, 2012. \u201cVallarta Centro presenta: Punto de embarque- Pangas de Vallarta\u201d Malec\u00f3n de Puerto Vallarta, Jalisco. M\u00e9xico.<\/p>\n<p>Agosto, 2012. \u201cObras varias\u201d Galer\u00eda Alpacora en Puerto Vallarta, Jalisco. M\u00e9xico. <\/p>\n<p>Enero, 2014. \u201cCrear Magia\u201d Casa de la cultura, San Miguel Allende. Guanajuato, M\u00e9xico. <\/p>\n<p>Abril, 2016, \u201cAbriendo tus sentidos\u201d UNIVA campus Lagos de Moreno. Jalisco, M\u00e9xico. <\/p>\n<p>Noviembre, 2017. \u201cArtistas mexicanos Colegio de Arquitectos y Urbanistas de Guadalajara A.C.\u201d Ex Convento del Carmen. Guadalajara. Jalisco. M\u00e9xico. <\/p>\n<!-- AddThis Advanced Settings generic via filter on the_content --><!-- AddThis Share Buttons generic via filter on the_content -->","protected":false},"excerpt":{"rendered":"<p>Mayo, 1999. \u201cLa mujer\u201d La Pianola. Guadalajara Jalisco. M\u00e9xico. Febrero, 2000. \u201cArte Joven\u201d Ex Convento del Carmen. Guadalajara Jalisco. M\u00e9xico. Julio, 2000. \u201cSal\u00f3n de Verano\u201d Foro de Arte y Cultura.<\/p>\n<p class=\"more-link\"><a href=\"http:\/\/yahiterres.com\/index.php\/exposiciones-colectivas\/\" class=\"readmore\">Continue reading<span class=\"screen-reader-text\">Exposiciones Colectivas<\/span><\/a><\/p>\n<p><!-- AddThis Advanced Settings generic via filter on get_the_excerpt --><!-- AddThis Share Buttons generic via filter on get_the_excerpt --><\/p>\n","protected":false},"author":1,"featured_media":56,"parent":0,"menu_order":0,"comment_status":"closed","ping_status":"closed","template":"templates\/right-sidebar.php","meta":[],"yoast_head":"<!-- This site is optimized with the Yoast SEO plugin v14.8 - https:\/\/yoast.com\/wordpress\/plugins\/seo\/ -->\n<title>Exposiciones Colectivas - Yahi Terr\u00e9s<\/title>\n<meta name=\"robots\" content=\"index, follow\" \/>\n<meta name=\"googlebot\" content=\"index, follow, max-snippet:-1, max-image-preview:large, max-video-preview:-1\" \/>\n<meta name=\"bingbot\" content=\"index, follow, max-snippet:-1, max-image-preview:large, max-video-preview:-1\" \/>\n<link rel=\"canonical\" href=\"http:\/\/yahiterres.com\/index.php\/exposiciones-colectivas\/\" \/>\n<meta property=\"og:locale\" content=\"en_US\" \/>\n<meta property=\"og:type\" content=\"article\" \/>\n<meta property=\"og:title\" content=\"Exposiciones Colectivas - Yahi Terr\u00e9s\" \/>\n<meta property=\"og:description\" content=\"Mayo, 1999. \u201cLa mujer\u201d La Pianola. Guadalajara Jalisco. M\u00e9xico. Febrero, 2000. \u201cArte Joven\u201d Ex Convento del Carmen. Guadalajara Jalisco. M\u00e9xico. Julio, 2000. \u201cSal\u00f3n de Verano\u201d Foro de Arte y Cultura.Continue readingExposiciones Colectivas\" \/>\n<meta property=\"og:url\" content=\"http:\/\/yahiterres.com\/index.php\/exposiciones-colectivas\/\" \/>\n<meta property=\"og:site_name\" content=\"Yahi Terr\u00e9s\" \/>\n<meta property=\"article:modified_time\" content=\"2018-11-05T06:40:23+00:00\" \/>\n<meta property=\"og:image\" content=\"http:\/\/yahiterres.com\/wp-content\/uploads\/2018\/11\/1-animal.jpg\" \/>\n\t<meta property=\"og:image:width\" content=\"576\" \/>\n\t<meta property=\"og:image:height\" content=\"768\" \/>\n<meta name=\"twitter:card\" content=\"summary_large_image\" \/>\n<script type=\"application\/ld+json\" class=\"yoast-schema-graph\">{\"@context\":\"https:\/\/schema.org\",\"@graph\":[{\"@type\":\"WebSite\",\"@id\":\"http:\/\/yahiterres.com\/#website\",\"url\":\"http:\/\/yahiterres.com\/\",\"name\":\"Yahi Terr\\u00e9s\",\"description\":\"Escultura - Pintura - Mural\",\"potentialAction\":[{\"@type\":\"SearchAction\",\"target\":\"http:\/\/yahiterres.com\/?s={search_term_string}\",\"query-input\":\"required name=search_term_string\"}],\"inLanguage\":\"en-US\"},{\"@type\":\"ImageObject\",\"@id\":\"http:\/\/yahiterres.com\/index.php\/exposiciones-colectivas\/#primaryimage\",\"inLanguage\":\"en-US\",\"url\":\"http:\/\/yahiterres.com\/wp-content\/uploads\/2018\/11\/1-animal.jpg\",\"width\":576,\"height\":768,\"caption\":\"1-animal Yahi Terres\"},{\"@type\":\"WebPage\",\"@id\":\"http:\/\/yahiterres.com\/index.php\/exposiciones-colectivas\/#webpage\",\"url\":\"http:\/\/yahiterres.com\/index.php\/exposiciones-colectivas\/\",\"name\":\"Exposiciones Colectivas - Yahi Terr\\u00e9s\",\"isPartOf\":{\"@id\":\"http:\/\/yahiterres.com\/#website\"},\"primaryImageOfPage\":{\"@id\":\"http:\/\/yahiterres.com\/index.php\/exposiciones-colectivas\/#primaryimage\"},\"datePublished\":\"2018-11-04T03:33:38+00:00\",\"dateModified\":\"2018-11-05T06:40:23+00:00\",\"inLanguage\":\"en-US\",\"potentialAction\":[{\"@type\":\"ReadAction\",\"target\":[\"http:\/\/yahiterres.com\/index.php\/exposiciones-colectivas\/\"]}]}]}<\/script>\n<!-- \/ Yoast SEO plugin. -->","_links":{"self":[{"href":"http:\/\/yahiterres.com\/index.php\/wp-json\/wp\/v2\/pages\/23"}],"collection":[{"href":"http:\/\/yahiterres.com\/index.php\/wp-json\/wp\/v2\/pages"}],"about":[{"href":"http:\/\/yahiterres.com\/index.php\/wp-json\/wp\/v2\/types\/page"}],"author":[{"embeddable":true,"href":"http:\/\/yahiterres.com\/index.php\/wp-json\/wp\/v2\/users\/1"}],"replies":[{"embeddable":true,"href":"http:\/\/yahiterres.com\/index.php\/wp-json\/wp\/v2\/comments?post=23"}],"version-history":[{"count":3,"href":"http:\/\/yahiterres.com\/index.php\/wp-json\/wp\/v2\/pages\/23\/revisions"}],"predecessor-version":[{"id":44,"href":"http:\/\/yahiterres.com\/index.php\/wp-json\/wp\/v2\/pages\/23\/revisions\/44"}],"wp:featuredmedia":[{"embeddable":true,"href":"http:\/\/yahiterres.com\/index.php\/wp-json\/wp\/v2\/media\/56"}],"wp:attachment":[{"href":"http:\/\/yahiterres.com\/index.php\/wp-json\/wp\/v2\/media?parent=23"}],"curies":[{"name":"wp","href":"https:\/\/api.w.org\/{rel}","templated":true}]}}