{"id":14,"date":"2018-11-04T03:26:34","date_gmt":"2018-11-04T03:26:34","guid":{"rendered":"http:\/\/yahiterres.com\/?page_id=14"},"modified":"2018-11-05T06:36:05","modified_gmt":"2018-11-05T06:36:05","slug":"estudios-profesionales","status":"publish","type":"page","link":"http:\/\/yahiterres.com\/index.php\/estudios-profesionales\/","title":{"rendered":"Estudios Profesionales."},"content":{"rendered":"<p>Octubre 2001 a agosto 2005 curs\u00f3 taller de figura humana con maestro el Luis Eduardo Gonz\u00e1lez Medina en Guadalajara, M\u00e9x.<\/p>\n<p>Marzo 2002 curs\u00f3 taller de grabado con el maestro Jes\u00fas Mata en Guadalajara, M\u00e9x.<\/p>\n<p>Diciembre 2004 curs\u00f3 taller de \u201cRegistro de obra art\u00edstica, derechos de autor\u201d (8Hrs.) Universidad de Guadalajara.<\/p>\n<p>Junio 2006 constancia del curso de \u201cRelaciones humanas, cultura tur\u00edstica y de calidad en el servicio\u201d Municipio de Lagos de Moreno, Jalisco. M\u00e9x.<\/p>\n<p>Junio 2011 curs\u00f3 diplomado en \u201cPedagog\u00eda interactiva\u201d (80 Hrs) Universidad del Valle de Atemajac, UNIVA.<\/p>\n<p>Julio 2011 curs\u00f3 diplomado en &lt;strong&gt;\u201cJoyeria en plata\u201d&lt;\/strong&gt; (27 Hrs.) Universidad IBERO Leon, Guanajuato. M\u00e9x.<\/p>\n<p>Febrero 2014 curs\u00f3 diplomado en \u201cTeolog\u00eda\u201d (132 Hrs) Universidad del Valle de Atemajac, UNIVA.<\/p>\n<p>Julio 2014 curs\u00f3 taller \u201cUn acercamiento a la pr\u00e1ctica educativa\u201d (20 Hrs.) Centro de actualizaci\u00f3n del magisterio en Lagos de Moreno, Jalisco. M\u00e9xico.<\/p>\n<p>Agosto 2016 curs\u00f3 taller de \u201cEnse\u00f1anza reflexiva y competencias emocionales en la pr\u00e1ctica docente\u201d Universidad Don Vasco.<\/p>\n<p>Agosto 2016 curs\u00f3 taller \u201cDise\u00f1ando la experiencia&#8230; las fronteras de una clase espectacular\u201d Tecnol\u00f3gico de Monterrey.<\/p>\n<p>Diciembre 2017 curs\u00f3 seminario de \u201c\u00c9tica y Cultura\u201d impartido por Victor Gu\u00e9dez, Centro Universitario de Arte, Arquitectura y Dise\u00f1o. universidad de Guadalajara.<\/p>\n<p>Enero 1998 a la fecha (2018) ayudante del Maestro Escultor y pintor Carlos Terr\u00e9s.   <\/p>\n<!-- AddThis Advanced Settings generic via filter on the_content --><!-- AddThis Share Buttons generic via filter on the_content -->","protected":false},"excerpt":{"rendered":"<p>Octubre 2001 a agosto 2005 curs\u00f3 taller de figura humana con maestro el Luis Eduardo Gonz\u00e1lez Medina en Guadalajara, M\u00e9x. Marzo 2002 curs\u00f3 taller de grabado con el maestro Jes\u00fas<\/p>\n<p class=\"more-link\"><a href=\"http:\/\/yahiterres.com\/index.php\/estudios-profesionales\/\" class=\"readmore\">Continue reading<span class=\"screen-reader-text\">Estudios Profesionales.<\/span><\/a><\/p>\n<p><!-- AddThis Advanced Settings generic via filter on get_the_excerpt --><!-- AddThis Share Buttons generic via filter on get_the_excerpt --><\/p>\n","protected":false},"author":1,"featured_media":54,"parent":0,"menu_order":0,"comment_status":"closed","ping_status":"closed","template":"templates\/right-sidebar.php","meta":[],"yoast_head":"<!-- This site is optimized with the Yoast SEO plugin v14.8 - https:\/\/yoast.com\/wordpress\/plugins\/seo\/ -->\n<title>Estudios Profesionales. - Yahi Terr\u00e9s<\/title>\n<meta name=\"robots\" content=\"index, follow\" \/>\n<meta name=\"googlebot\" content=\"index, follow, max-snippet:-1, max-image-preview:large, max-video-preview:-1\" \/>\n<meta name=\"bingbot\" content=\"index, follow, max-snippet:-1, max-image-preview:large, max-video-preview:-1\" \/>\n<link rel=\"canonical\" href=\"http:\/\/yahiterres.com\/index.php\/estudios-profesionales\/\" \/>\n<meta property=\"og:locale\" content=\"en_US\" \/>\n<meta property=\"og:type\" content=\"article\" \/>\n<meta property=\"og:title\" content=\"Estudios Profesionales. - Yahi Terr\u00e9s\" \/>\n<meta property=\"og:description\" content=\"Octubre 2001 a agosto 2005 curs\u00f3 taller de figura humana con maestro el Luis Eduardo Gonz\u00e1lez Medina en Guadalajara, M\u00e9x. Marzo 2002 curs\u00f3 taller de grabado con el maestro Jes\u00fasContinue readingEstudios Profesionales.\" \/>\n<meta property=\"og:url\" content=\"http:\/\/yahiterres.com\/index.php\/estudios-profesionales\/\" \/>\n<meta property=\"og:site_name\" content=\"Yahi Terr\u00e9s\" \/>\n<meta property=\"article:modified_time\" content=\"2018-11-05T06:36:05+00:00\" \/>\n<meta property=\"og:image\" content=\"http:\/\/yahiterres.com\/wp-content\/uploads\/2018\/11\/4.jpg\" \/>\n\t<meta property=\"og:image:width\" content=\"3892\" \/>\n\t<meta property=\"og:image:height\" content=\"2576\" \/>\n<meta name=\"twitter:card\" content=\"summary_large_image\" \/>\n<script type=\"application\/ld+json\" class=\"yoast-schema-graph\">{\"@context\":\"https:\/\/schema.org\",\"@graph\":[{\"@type\":\"WebSite\",\"@id\":\"http:\/\/yahiterres.com\/#website\",\"url\":\"http:\/\/yahiterres.com\/\",\"name\":\"Yahi Terr\\u00e9s\",\"description\":\"Escultura - Pintura - Mural\",\"potentialAction\":[{\"@type\":\"SearchAction\",\"target\":\"http:\/\/yahiterres.com\/?s={search_term_string}\",\"query-input\":\"required name=search_term_string\"}],\"inLanguage\":\"en-US\"},{\"@type\":\"ImageObject\",\"@id\":\"http:\/\/yahiterres.com\/index.php\/estudios-profesionales\/#primaryimage\",\"inLanguage\":\"en-US\",\"url\":\"http:\/\/yahiterres.com\/wp-content\/uploads\/2018\/11\/4.jpg\",\"width\":3892,\"height\":2576,\"caption\":\"Caceres Yahi Terres\"},{\"@type\":\"WebPage\",\"@id\":\"http:\/\/yahiterres.com\/index.php\/estudios-profesionales\/#webpage\",\"url\":\"http:\/\/yahiterres.com\/index.php\/estudios-profesionales\/\",\"name\":\"Estudios Profesionales. - Yahi Terr\\u00e9s\",\"isPartOf\":{\"@id\":\"http:\/\/yahiterres.com\/#website\"},\"primaryImageOfPage\":{\"@id\":\"http:\/\/yahiterres.com\/index.php\/estudios-profesionales\/#primaryimage\"},\"datePublished\":\"2018-11-04T03:26:34+00:00\",\"dateModified\":\"2018-11-05T06:36:05+00:00\",\"inLanguage\":\"en-US\",\"potentialAction\":[{\"@type\":\"ReadAction\",\"target\":[\"http:\/\/yahiterres.com\/index.php\/estudios-profesionales\/\"]}]}]}<\/script>\n<!-- \/ Yoast SEO plugin. -->","_links":{"self":[{"href":"http:\/\/yahiterres.com\/index.php\/wp-json\/wp\/v2\/pages\/14"}],"collection":[{"href":"http:\/\/yahiterres.com\/index.php\/wp-json\/wp\/v2\/pages"}],"about":[{"href":"http:\/\/yahiterres.com\/index.php\/wp-json\/wp\/v2\/types\/page"}],"author":[{"embeddable":true,"href":"http:\/\/yahiterres.com\/index.php\/wp-json\/wp\/v2\/users\/1"}],"replies":[{"embeddable":true,"href":"http:\/\/yahiterres.com\/index.php\/wp-json\/wp\/v2\/comments?post=14"}],"version-history":[{"count":5,"href":"http:\/\/yahiterres.com\/index.php\/wp-json\/wp\/v2\/pages\/14\/revisions"}],"predecessor-version":[{"id":39,"href":"http:\/\/yahiterres.com\/index.php\/wp-json\/wp\/v2\/pages\/14\/revisions\/39"}],"wp:featuredmedia":[{"embeddable":true,"href":"http:\/\/yahiterres.com\/index.php\/wp-json\/wp\/v2\/media\/54"}],"wp:attachment":[{"href":"http:\/\/yahiterres.com\/index.php\/wp-json\/wp\/v2\/media?parent=14"}],"curies":[{"name":"wp","href":"https:\/\/api.w.org\/{rel}","templated":true}]}}